 w(u) = u**3 - 2*u**2 - u - 4. Let x be w(s). Suppose -x*k = 3*l - 1057, 0 = k + 1. Is l composite?
False
Suppose -3*p = 2*p - 75. Let a be (-4)/(-12)*p/1. Suppose -5*v - 5*s = -0*v - 745, 3*v - 447 = -a*s. Is v prime?
True
Let s(n) = -288*n**3 - 3*n - 2. Is s(-1) composite?
True
Let r(s) = -3*s - 7. Let n(z) = z + 4. Let i be n(-7). Let h be r(i). Is 12 + (0 - 3) + h a prime number?
True
Suppose -680*f = -683*f + 184323. Is f a prime number?
True
Let t be 0 + (-6)/(-27) + 46353/27. Suppose 2*g + g = -p + t, 1727 = 3*g - 4*p. Is g a prime number?
False
Suppose -5 = 5*x + 4*d + 1, -5*x + 5*d + 30 = 0. Let f(k) = k**2 - 2. Let h be f(x). Suppose 3*c = -3*z + 7*z - 1588, z - h*c = 397. Is z a prime number?
True
Let z be 3/2*(-6)/36*4. Is (-5682)/12*z*(1 - -1) composite?
False
Let u = 19438 + -9081. Is u a composite number?
False
Let x(t) = 5*t**2 - 4*t + 3. Let k(v) be the second derivative of v**5/5 - v**4/12 + v**3/3 - v**2/2 + 6*v. Let o be k(1). Is x(o) a prime number?
True
Let w = 3849 - 2002. Is w a prime number?
True
Suppose 0 = -5*g - 2*g - 49. Is 58728/56 + (6/g)/(-3) prime?
True
Suppose -3*o = -a - o + 5847, -3*a + 3*o + 17529 = 0. Is a a composite number?
False
Let u(j) = 21*j**3 - 12*j**2 + 3*j + 119. Is u(10) a prime number?
True
Let a = -10810 - -26627. Is a composite?
False
Let u = 19 - 17. Suppose -p = j - 8, -u*j + 20 = 3*j + p. Suppose -3 - j = -h. Is h composite?
True
Let s(f) = -10*f**2 + 12*f + 27. Let x(a) = 20*a**2 - 23*a - 53. Let z(i) = 11*s(i) + 6*x(i). Is z(11) prime?
True
Suppose 32*k + 126 = 39*k. Suppose -5*f + k*f - 4381 = 0. Is f prime?
True
Let h = 58 - 108. Is (54 + (-1)/1)/(h/(-650)) a prime number?
False
Suppose 16 + 194 = -6*r. Is 6 + r/5 + 4 + 2858 a composite number?
False
Suppose -94 = 2*x - 2*y, 2*x = 4*y + y - 85. Let c = 83 + x. Is c composite?
True
Let x(f) = -33*f**3 + 4*f**2 + 4*f. Let z be x(-4). Let o be (-3 + 30/9)*3*0. Suppose o = q - z + 427. Is q a prime number?
True
Suppose -7075 = -5*k + 19095. Is k a prime number?
False
Let v be (-56)/(-16) - (-1)/2. Let t(h) = -225*h + 10. Let o be t(v). Is (2/4)/((-5)/o) composite?
False
Suppose 7*n - 59 = 6*n. Let s = n - 34. Is 15948/20 - 10/s prime?
True
Suppose -2*x = 7*x - 64782. Suppose -9*i = x - 27025. Is i prime?
True
Let u be 1/(-4) - 25/(-4). Suppose -u*h + 3910 = -h. Suppose -h = -18*b + 16*b. Is b prime?
False
Suppose -1652136 = -46*o + 1570118. Is o a prime number?
False
Let c(w) = -30323*w**3 - w**2 - 4*w - 4. Is c(-1) composite?
True
Let d = 14780 - 4647. Is d a prime number?
True
Let h(d) = -876*d + 235. Is h(-11) composite?
False
Is 3785/7 + 432/(-56) + 8 a prime number?
True
Suppose 25 = -4*f + 9*f. Is -1255*(f/25)/(-1) composite?
False
Suppose 3*c - 740 = 403. Let l = c + -202. Is l composite?
False
Let v be 1/5 + 31/(-5). Let b = -16 + 1. Is v/b + (-28)/(-5) composite?
True
Let s = 22335 - -42148. Is s a prime number?
True
Suppose 0 = 67*z - 66*z - 2187. Let r = -304 + z. Is r a prime number?
False
Let m(p) be the third derivative of 3*p**5/20 - 7*p**4/24 + 3*p**3/2 + 10*p**2. Is m(5) composite?
False
Let j = -673 + 1054. Suppose 3*m - 150 - j = 0. Is m a prime number?
False
Suppose 32*c + 56755 = 37*c. Is c composite?
False
Let t(o) = -97*o - 2. Let j be t(2). Let q = j - -305. Is q composite?
False
Let r(d) = 23*d**3 - 6*d**2 - 6*d + 2. Let x be r(5). Let k = x + -1130. Is k prime?
True
Let f be (10/(-3))/((-1)/(-39)). Let d = 123 - f. Is d prime?
False
Let f be -20*8188/(-56) - (-2)/(-7). Suppose -9*y = -2377 - f. Is y a prime number?
False
Is (0 + -1)*(-7634 + 3) a prime number?
False
Suppose 3*p - c = 113, -143 + 20 = -3*p + 3*c. Let g be (-1 + -1)/(2/p). Is ((-12)/g)/(2/3090) composite?
True
Let l = 24312 + -17191. Is l prime?
True
Suppose -13937 = -7*w - 4*w. Is w a composite number?
True
Let l = 9 + -9. Let u(t) = l*t - 2*t + 6*t + 4 - 2*t. Is u(3) composite?
True
Let n = 492 - -566. Let k = -375 + n. Is k composite?
False
Suppose -s - 572 = -2*p - 3*s, 5*p - 3*s - 1422 = 0. Suppose p = 6*g - g. Is g composite?
True
Suppose -2*d - 2*o = -434, d - 3*o - 162 = 35. Suppose d = -8*j + 9900. Is j prime?
False
Suppose 20*t - 65456 = 4*t. Is t a prime number?
True
Let k = -459 - -297. Let p = k - -277. Is p a prime number?
False
Is (7 + -3)*13911/12 a prime number?
True
Let k(w) = -226*w**3 - 2*w**2 + 3*w + 3. Let z(j) = j**2 + j - 2. Let p be z(-1). Is k(p) a prime number?
False
Let g be -13*2/6*-381. Suppose 0 = -3*h + 2*b + 5647, 2*h + 2*b - g = 2117. Is h composite?
True
Let b = 33 - 26. Suppose 6978 = -g + b*g. Is g prime?
True
Is 18/10*(-13)/(-39)*58085 composite?
True
Let x(h) be the first derivative of 2*h**5/15 - 5*h**4/12 - h**3/3 - 6. Let y(q) be the third derivative of x(q). Is y(6) a prime number?
False
Suppose 1680644 = 27*r - 78865. Is r a prime number?
True
Suppose 21 = -z + 253. Suppose 0 = -2*l + z + 1398. Is l a prime number?
False
Let o(f) = f**3 - 2*f**2 + 2*f + 2073. Is o(0) composite?
True
Suppose -892 = 4*u + u + 3*w, -2*u + 5*w = 363. Is 2/((-2)/2) - u a composite number?
True
Let c(u) = -10*u**2 - 8*u. Let i be c(-9). Let m = i + 1508. Suppose m = 3*k + 59. Is k a composite number?
True
Let n = -8 + 24. Suppose 7*c + c = n. Suppose 0 = c*h - 66 - 260. Is h composite?
False
Suppose 3*z - 3*s = -40635, 2*z - 3*s = -6*s - 27085. Is ((-2)/(-4))/(81260/z - -6) a composite number?
False
Let r be 1 + (-1)/2*4. Let o(v) = -257*v. Is o(r) a composite number?
False
Let b = 79188 - 54925. Is b composite?
True
Let l = 7380 - 5047. Is l a prime number?
True
Let s(i) = -i**3 + 4*i + 1399. Is s(0) prime?
True
Is (-19048)/(-14) + (-36)/(-84) a composite number?
False
Let u(q) be the second derivative of 0 + 191/6*q**4 - 4*q - 1/3*q**3 - 1/2*q**2. Is u(-1) a prime number?
True
Is ((-535446)/30 - 10)*(-3 + -2) prime?
False
Let w = -18 + 12. Let i = 9 + w. Is 3 + i/(9/156) a composite number?
True
Let c(d) = 4757*d**2 + 10*d. Is c(-1) a composite number?
True
Let l = 29 + -24. Suppose 2*t - l = -25. Let y(w) = -w**3 - 10*w**2 - 13*w - 11. Is y(t) a composite number?
True
Suppose 0 = g - 4*g + 156. Let f be -9*(4 - g/12). Suppose -38 = x - f*x. Is x composite?
False
Suppose -c - 3113 = -o, 2*o + 9*c - 10*c = 6222. Is o a composite number?
False
Let y be 6/(-10) + 1 + (-69)/(-115). Is y*-3 + 872/1 prime?
False
Let c(r) = r**2 - 12*r. Let k be c(12). Suppose -5*s - 4*u + 100 = k, -4*s = -6*s + 2*u + 22. Is s/12 - 758/(-3) a composite number?
True
Let h be (10/6)/((-7)/(-3) + -2). Is -5 + h + (-3)/((-6)/1826) prime?
False
Let j be (0 + -3 + 1)*3258/12. Is 0 + (-2 - 1*j) a prime number?
True
Suppose 30*m + 28 = 34*m. Let z(a) = -a**3 - 4*a**2 + 1. Let v be z(-5). Let l = v - m. Is l a composite number?
False
Suppose 2*i + 2 = i. Let w be i/(-4)*(-5 + 5). Suppose -4*h = -4*p + 1052, -5*p + w*h = -3*h - 1307. Is p a prime number?
False
Suppose -3*l = 6, 2*y - 4*l + l = -178. Let x(a) = 58*a - 1. Let b be x(-3). Let p = y - b. Is p a composite number?
False
Is -3 + (-32040)/(-25) - 10/(-25) a composite number?
False
Let z = -261 - -452. Is z a prime number?
True
Let r be (468/30)/(2/5). Let m = r + -36. Suppose 58 = -m*n + 4*n. Is n composite?
True
Let o = -2258 + 1252. Let n = o - -1437. Is n a composite number?
False
Let i = 27 + -23. Suppose -i*x - 5*q + 1934 = 0, 0 = -4*x + 2*q + 1072 + 848. Is x a composite number?
True
Let q = -95 + 98. Is ((-239)/q)/((6/126)/(-1)) a composite number?
True
Let r(x) = 2*x - 32. Let j be r(13). Let f(y) = -2*y**3 - 9*y**2 - 8*y - 1. Is f(j) prime?
False
Suppose 4*p + 8 = 0, -9714 = -2*i - 5*p + p. Is i composite?
False
Let t = -58 - -16. Let k = t - -145. Is k a prime number?
True
Suppose 0*t + 3*t = 6. Is t/(-3) - (-7089)/9 a composite number?
False
Let r be (-21637)/(-22) + (-6)/4. Suppose -2*u = -0*u - r. Is u composite?
False
Is (2719 - (3 - 8)) + -2 a prime number?
False
Suppose -20*i - 55902 = 2058. Let f = -1391 - i. Is f composite?
True
Suppose 2*a = -2*c + 1314, 2*a + c - 1194 = 120. Suppose 5*s = -a - 1518. Let x = -244 - s. Is x a composite number?
False
Let k(q) = -q**3 - 12*q**2 - 7*q + 25. Is k(-14) composite?
True
Let x(b) = -4*b**3 - 145*b**2 + 6*b + 10. Is x(-39) composite?
True
Let y(q) = -q**3 + 6*q**2 + 9*q - 5. Suppose -4*t + 3*t = -5. Is y(t) a prime number?
False
Let i be